base 10
569166
What is -1022002022102 (base 3) in base 16?
-a899e
-11625692 (base 10) to base 15
-10499b2
Convert 426557 (base 9) to base 13.
8b8ac
What is -13503344 (base 7) in base 8?
-4640245
61245 (base 11) to base 6
1530112
Convert -4012405 (base 6) to base 10.
-188501
ca9505 (base 15) to base 3
200011021122212
Convert 1741800 (base 9) to base 7.
11160000
What is -f0410 (base 16) in base 9?
-1758812
Convert -4a48843 (base 12) to base 10.
-14530227
What is -202213103 (base 5) in base 11?
-50aa03
Convert -10001101011110010 (base 2) to base 8.
-215362
111503524 (base 6) to base 14
3b3860
What is -191041 (base 12) in base 5?
-102442413
35471673 (base 8) to base 4
131213032323
Convert -16843 (base 14) to base 10.
-56507
What is 143131 (base 11) in base 10?
223763
-111831 (base 9) to base 12
-32947
What is 21c2cc1 (base 13) in base 5?
10123433342
Convert -191115 (base 10) to base 6.
-4032443
Convert 9a5938 (base 13) to base 15.
4bd6d5
What is 862658 (base 9) in base 12?
20938b
12472476 (base 8) to base 10
2782526
1030424 (base 11) to base 16
1bb5ba
Convert 1102003113 (base 4) to base 10.
336087
Convert 51cb9 (base 14) to base 12.
9624b
What is 42320315 (base 6) in base 9?
2287642
Convert -1000111011001000001 (base 2) to base 7.
-2325346
Convert 1341115 (base 8) to base 5.
44034141
Convert 1040014 (base 6) to base 14.
14c78
What is 11310222 (base 5) in base 15?
20b5c
Convert 1091482 (base 11) to base 8.
7211123
21dd0e (base 15) to base 8
6124475
What is -22576 (base 9) in base 10?
-15054
110100100111110001001 (base 2) to base 12
6b1a35
101111001000001001 (base 2) to base 14
504c1
What is -111010010011010111 (base 2) in base 3?
-110010120201
1103013301 (base 4) to base 10
340465
Convert 7125423 (base 8) to base 6.
104134055
Convert 10040410 (base 5) to base 6.
1421430
-11011110111010101 (base 2) to base 8
-336725
-45d872 (base 15) to base 7
-40234064
What is -222222202011 (base 3) in base 16?
-81b38
What is 10324202 (base 8) in base 2?
1000011010100010000010
Convert -7a513 (base 12) to base 13.
-59364
169d567 (base 15) to base 10
16447597
Convert -4244321 (base 5) to base 4.
-101202130
Convert 541160 (base 7) to base 2.
10110111101111001
What is -312112 (base 7) in base 14?
-15742
Convert -13020224 (base 6) to base 7.
-3410011
Convert 5106364 (base 11) to base 16.
89becb
-10110146 (base 7) to base 3
-1120211011002
What is 131745 (base 11) in base 10?
207201
-1116c (base 16) to base 12
-34610
Convert 59704 (base 12) to base 5.
12321434
What is a85558 (base 14) in base 11?
3243833
Convert b6aa17 (base 12) to base 10.
2880307
What is -1010010000110010010011 (base 2) in base 5?
-1142041240
What is 101111010101100001 (base 2) in base 11?
122743
What is 3200130 (base 5) in base 8?
147655
What is -1316253 (base 7) in base 5?
-21011130
What is 1167017 (base 14) in base 10?
8317085
What is 2a10a (base 12) in base 8?
163032
-3022702 (base 11) to base 8
-24314224
-2118c6 (base 15) to base 13
-4319c7
343056 (base 9) to base 11
130546
Convert dfb8b (base 16) to base 11.
576528
Convert -310257 (base 11) to base 4.
-1321212302
What is 11200112001112 (base 3) in base 2?
1001011111111111000001
Convert 1a5902 (base 13) to base 5.
132410121
What is 31335404 (base 7) in base 13?
719273
What is -78245 (base 9) in base 8?
-145372
What is -15020025 (base 7) in base 12?
-583969
a6e39 (base 15) to base 7
4334220
Convert 31600153 (base 7) to base 11.
1577494
Convert -1120444422 (base 5) to base 11.
-1469020
What is 4471503 (base 8) in base 13?
33449c
What is 150380 (base 9) in base 12?
45409
-122220034 (base 5) to base 7
-4656263
333101 (base 11) to base 7
4341443
What is -3126531 (base 7) in base 13?
-10270b
Convert 120124112 (base 6) to base 11.
12a803a
Convert -c88c4d (base 15) to base 13.
-1c93798
125250012 (base 6) to base 11
1454428
Convert -100210102220202 (base 3) to base 10.
-5204999
157571 (base 11) to base 13
8723c
Convert -190737 (base 13) to base 12.
-264403
What is 265551 (base 9) in base 13?
586c9
What is 16654224 (base 7) in base 2?
110010001010011111100
Convert 112306326 (base 7) to base 4.
122032302000
-4311003 (base 5) to base 11
-4a626
Convert 100100111111001001 (base 2) to base 9.
250730
Convert 20123023022 (base 4) to base 7.
24525440
-14151543 (base 6) to base 10
-481239
What is -3301422 (base 5) in base 3?
-2212111010
11100011001000000 (base 2) to base 13
40c13
11121120011 (base 3) to base 13
32440
Convert -1800487 (base 9) to base 8.
-3651314
122221012100221 (base 3) to base 4
210112301311
Convert -25556 (base 11) to base 12.
-19223
Convert -6a19e4 (base 15) to base 10.
-5068114
What is 1831b (base 16) in base 11?
68500
20475152 (base 8) to base 6
233213550
113464120 (base 7) to base 10
7024360
1027244 (base 11) to base 4
12322000102
Convert 134004 (base 6) to base 2.
11000011110100
Convert 1020120101 (base 3) to base 16.
5f98
What is -11210000201 (base 3) in base 8?
-267554
Convert -44016315 (base 7) to base 12.
-1319436
What is -2221022022201 (base 3) in base 9?
-2838281
-120322232 (base 4) to base 10
-102062
What is -3540625 (base 7) in base 4?
-1231012303
What is 423793 (base 13) in base 16?
17a76c
What is 2012143 (base 6) in base 3?
11211110100
What is -1682e7 (base 15) in base 14?
-20573a
What is a49734 (base 12) in base 8?
11676330
Convert 20446 (base 14) to base 7.
442316
6564573 (base 9) to base 11
1a99690
Convert 446222 (base 14) to base 16.
236db6
What is 5268269 (base 11) in base 16?
8d94fe
Convert 90c355 (base 16) to base 7.
143432305
What is 8000 (base 10) in base 4?
1331000
What is -cd48 (base 14) in base 9?
-53668
-c750 (base 16) to base 2
-1100011101010000
What is 2888977 (base 10) in base 13?
7a1c70
What is -1303003322 (base 4) in base 3?
-212221111012
Convert -405702 (base 9) to base 5.
-30143120
Convert 3656774 (base 8) to base 10.
1007100
Convert -102011020110 (base 3) to base 9.
-364213
Convert 310133403 (base 5) to base 9.
2323165
-33c2b (base 15) to base 11
-102855
17a275 (base 12) to base 5
101133031
214432203 (base 5) to base 4
3210221221
What is 38381 (base 11) in base 5?
3230043
What is 66115 (base 10) in base 2?
10000001001000011
Convert -1a546 (base 12) to base 15.
-b760
-43c13 (base 15) to base 13
-7702b
What is 76141 (base 11) in base 3?
12121202202
What is 1cf28 (base 16) in base 5?
12243233
13242124 (base 5) to base 8
405627
1614b7 (base 16) to base 15
1d8b80
-21b33c (base 14) to base 15
-179360
-3359168 (base 10) to base 6
-155555412
-213112331 (base 4) to base 8
-472675
Convert -504145235 (base 6) to base 11.
-4943487
Convert -100220110200 (base 3) to base 6.
-4102413
-72a456 (base 12) to base 13
-4b0b13
Convert -41313124 (base 5) to base 12.
-143ab7
-212110021011 (base 3) to base 12
-1a31aa
What is -113305 (base 6) in base 12?
-5835
-222545 (base 9) to base 7
-1063055
What is -6556765 (base 10) in base 15?
-897b2a
What is -16cab2 (base 15) in base 9?
-2065175
What is -133253 (base 15) in base 16?
-e112f
Convert -8e50 (base 15) to base 9.
-45413
Convert 1126525 (base 7) to base 8.
424414
-ec5f2 (base 16) to base 11
-601452
-200000212200111 (base 3) to base 8
-44435144
What is 80596 (base 14) in base 6?
10335544
-44258 (base 12) to base 5
-10341322
358137 (base 11) to base 7
4551356
-10301041 (base 5) to base 8
-253136
1254153121 (base 6) to base 4
321113123221
What is -1273938 (base 10) in base 2?
-100110111000001010010
What is -20300233011 (base 4) in base 5?
-1041444043
What is 210421024 (base 5) in base 8?
3251460
What is 534b9 (base 14) in base 7?
1465522
What is -136f2 (base 16) in base 10?
-79602
Convert 317156 (base 8) to base 15.
2167e
Convert 79ee5 (base 15) to base 12.
16872b
What is -13401322 (base 6) in base 11?
-289115
140520 (base 12) to base 14
89276
Convert -1566421 (base 7) to base 12.
-a6447
What is 3a4c4 (base 13) in base 6?
2154133
-20203012 (base 5) to base 13
-591a5
What is -133673 (base 10) in base 7?
-1064501
What is -200242204 (base 5) in base 15?
-10926e
What is -23001030312 (base 4) in base 9?
-5382246
What is -2572114 (base 8) in base 15?
-e2aa0
4223100 (base 5) to base 4
101030000
-213b34 (base 12) to base 15
-a593d
Convert -3648e2 (base 16) to base 3.
-20200202010001
What is 537880 (base 9) in base 2?
1001110010011101111
What is 18cc15 (base 15) in base 2?
100100110110100101011